{"id":4544,"date":"2021-11-19T11:31:45","date_gmt":"2021-11-19T10:31:45","guid":{"rendered":"https:\/\/manosinkietas.com\/?post_type=product&#038;p=4544"},"modified":"2023-11-15T08:48:17","modified_gmt":"2023-11-15T07:48:17","slug":"nacimiento-de-madera-y-metacrilato-minimalista","status":"publish","type":"product","link":"https:\/\/manosinkietas.com\/en\/product\/nacimiento-de-madera-y-metacrilato-minimalista\/","title":{"rendered":"Nacimiento de Madera y Metacrilato Minimalista"},"content":{"rendered":"<p>Hermoso nacimiento de madera y metacrilato a corte l\u00e1ser y tintado a mano.<\/p>\n<p>El nacimiento ha sido armado y pintado a mano con tinta para madera color roble y tiene piezas de metacrilato transparente grabadas a l\u00e1ser.<\/p>\n<p>Este nacimiento ha sido creado con motivos minimalistas, una pieza \u00fanica.<\/p>\n<p>Este bel\u00e9n es ideal como decoraci\u00f3n navide\u00f1a para tu casa u oficina. Tambi\u00e9n es un regalo ideal para coleccionistas.<\/p>\n<p>Medidas:<\/p>\n<p>Alto: 9 cm<br \/>\nAncho: 11 cm<\/p>\n<p>*****************************************<\/p>\n<p>Por favor, preg\u00fantanos si tienes alguna duda acerca de nuestros productos. Estamos felices de atenderte.<\/p>\n<p>Recordatorio: esta es una peque\u00f1a tienda de emprendedores y el tiempo invertido en crear nuestras piezas \u00fanicas tambi\u00e9n tiene valor.<\/p>\n<p>\u00bfTe gustan nuestros productos? Echa un vistazo a la tienda:<\/p>","protected":false},"excerpt":{"rendered":"<p>Hermoso nacimiento de madera y metacrilato a corte l\u00e1ser y tintado a mano.<\/p>","protected":false},"featured_media":4572,"comment_status":"open","ping_status":"closed","template":"","meta":{"_acf_changed":false},"product_brand":[],"product_cat":[705,56],"product_tag":[166,161,165,49,782,621,48,163,162,160,164,300,155,451,156,640],"filtro_producto":[],"class_list":{"0":"post-4544","1":"product","2":"type-product","3":"status-publish","4":"has-post-thumbnail","6":"product_cat-nacimientos-y-belenes","7":"product_cat-navidad-y-ano-nuevo","8":"product_tag-adorno-de-navidad","9":"product_tag-belen","10":"product_tag-belen-de-madera","11":"product_tag-corte-laser","12":"product_tag-grabdo-laser","13":"product_tag-madera-y-metacrilato","14":"product_tag-metacrilato","15":"product_tag-misterio","16":"product_tag-misterio-de-navidad","17":"product_tag-nacimiento","18":"product_tag-nacimiento-de-madera","19":"product_tag-nacimiento-de-madera-y-metacrilato","20":"product_tag-navidad","21":"product_tag-regalo","22":"product_tag-regalo-de-navidad","23":"product_tag-regalo-navideno","24":"product_shipping_class-cc","26":"first","27":"instock","28":"taxable","29":"shipping-taxable","30":"purchasable","31":"product-type-simple"},"acf":[],"aioseo_notices":[],"_links":{"self":[{"href":"https:\/\/manosinkietas.com\/en\/wp-json\/wp\/v2\/product\/4544","targetHints":{"allow":["GET"]}}],"collection":[{"href":"https:\/\/manosinkietas.com\/en\/wp-json\/wp\/v2\/product"}],"about":[{"href":"https:\/\/manosinkietas.com\/en\/wp-json\/wp\/v2\/types\/product"}],"replies":[{"embeddable":true,"href":"https:\/\/manosinkietas.com\/en\/wp-json\/wp\/v2\/comments?post=4544"}],"version-history":[{"count":1,"href":"https:\/\/manosinkietas.com\/en\/wp-json\/wp\/v2\/product\/4544\/revisions"}],"predecessor-version":[{"id":4582,"href":"https:\/\/manosinkietas.com\/en\/wp-json\/wp\/v2\/product\/4544\/revisions\/4582"}],"wp:featuredmedia":[{"embeddable":true,"href":"https:\/\/manosinkietas.com\/en\/wp-json\/wp\/v2\/media\/4572"}],"wp:attachment":[{"href":"https:\/\/manosinkietas.com\/en\/wp-json\/wp\/v2\/media?parent=4544"}],"wp:term":[{"taxonomy":"product_brand","embeddable":true,"href":"https:\/\/manosinkietas.com\/en\/wp-json\/wp\/v2\/product_brand?post=4544"},{"taxonomy":"product_cat","embeddable":true,"href":"https:\/\/manosinkietas.com\/en\/wp-json\/wp\/v2\/product_cat?post=4544"},{"taxonomy":"product_tag","embeddable":true,"href":"https:\/\/manosinkietas.com\/en\/wp-json\/wp\/v2\/product_tag?post=4544"},{"taxonomy":"filtro_producto","embeddable":true,"href":"https:\/\/manosinkietas.com\/en\/wp-json\/wp\/v2\/filtro_producto?post=4544"}],"curies":[{"name":"wp","href":"https:\/\/api.w.org\/{rel}","templated":true}]}}

<p>Hermoso nacimiento de madera y metacrilato a corte láser y tintado a mano.</p>
<p>El nacimiento ha sido armado y pintado a mano con tinta para madera color roble y tiene piezas de metacrilato transparente grabadas a láser.</p>
<p>Este nacimiento ha sido creado con motivos minimalistas, una pieza única.</p>
<p>Este belén es ideal como decoración navideña para tu casa u oficina. También es un regalo ideal para coleccionistas.</p>
<p>Medidas:</p>
<p>Alto: 9 cm<br />
Ancho: 11 cm</p>
<p>*****************************************</p>
<p>Por favor, pregúntanos si tienes alguna duda acerca de nuestros productos. Estamos felices de atenderte.</p>
<p>Recordatorio: esta es una pequeña tienda de emprendedores y el tiempo invertido en crear nuestras piezas únicas también tiene valor.</p>
<p>¿Te gustan nuestros productos? Echa un vistazo a la tienda:</p>

<p>Hermoso nacimiento de madera y metacrilato a corte láser y tintado a mano.</p>
