{"id":4342,"date":"2021-08-28T12:29:37","date_gmt":"2021-08-28T10:29:37","guid":{"rendered":"https:\/\/manosinkietas.com\/?post_type=product&#038;p=4342"},"modified":"2026-03-31T19:10:30","modified_gmt":"2026-03-31T17:10:30","slug":"placa-de-madera-personalizada","status":"publish","type":"product","link":"https:\/\/manosinkietas.com\/en\/product\/placa-de-madera-personalizada\/","title":{"rendered":"Placa de Madera Personalizada"},"content":{"rendered":"<p>Hermosas y originales placas para personalizar. Es el complemento ideal para un detalle especial.<\/p>\n<p>Esta placa personalizada es una excelente opci\u00f3n como regalo para el profesor en fin de curso, para el d\u00eda de las madres, para el d\u00eda del padre, para decorar un regalo de cumplea\u00f1os, conmemorar alg\u00fan evento especial o para colgarla en la pared. Puedes incluir texto o dibujos en tu placa, flores preservadas a tu gusto, colores, metacrilato y formas seg\u00fan lo que desees.<\/p>\n<p>Esta pieza es de madera cortada y grabada a l\u00e1ser.<\/p>\n<p>Medidas:<\/p>\n<p>Di\u00e1metro: 13 CM aproximadamente.<\/p>\n<p>*****************************************<\/p>\n<p>Por favor, preg\u00fantanos si tienes alguna duda acerca de nuestros productos. Estamos felices de atenderte.<\/p>\n<p>Recordatorio: esta es una peque\u00f1a tienda de emprendedores y el tiempo invertido en crear nuestras piezas \u00fanicas tambi\u00e9n tiene valor.<\/p>\n<p>\u00bfTe gustan nuestros productos? Echa un vistazo a la tienda:<\/p>","protected":false},"excerpt":{"rendered":"<p>Hermosas y originales placas para personalizar. Es el complemento ideal para un detalle especial.<\/p>","protected":false},"featured_media":4094,"comment_status":"open","ping_status":"closed","template":"","meta":{"_acf_changed":false},"product_brand":[],"product_cat":[36,701],"product_tag":[49,144,69,48,90,91,490,185,224,658,239],"filtro_producto":[],"class_list":{"0":"post-4342","1":"product","2":"type-product","3":"status-publish","4":"has-post-thumbnail","6":"product_cat-celebracion","7":"product_cat-placas-personalizadas","8":"product_tag-corte-laser","9":"product_tag-flores-preservadas","10":"product_tag-grabado-laser","11":"product_tag-metacrilato","12":"product_tag-placa-de-madera","13":"product_tag-placa-personalizada","14":"product_tag-regalos-originales","15":"product_tag-regalos-para-el","16":"product_tag-regalos-para-ella","17":"product_tag-regalos-para-profes","18":"product_tag-regalos-personalizados","19":"product_shipping_class-cc","21":"first","22":"instock","23":"taxable","24":"shipping-taxable","25":"purchasable","26":"product-type-variable"},"acf":[],"aioseo_notices":[],"_links":{"self":[{"href":"https:\/\/manosinkietas.com\/en\/wp-json\/wp\/v2\/product\/4342","targetHints":{"allow":["GET"]}}],"collection":[{"href":"https:\/\/manosinkietas.com\/en\/wp-json\/wp\/v2\/product"}],"about":[{"href":"https:\/\/manosinkietas.com\/en\/wp-json\/wp\/v2\/types\/product"}],"replies":[{"embeddable":true,"href":"https:\/\/manosinkietas.com\/en\/wp-json\/wp\/v2\/comments?post=4342"}],"version-history":[{"count":2,"href":"https:\/\/manosinkietas.com\/en\/wp-json\/wp\/v2\/product\/4342\/revisions"}],"predecessor-version":[{"id":10815,"href":"https:\/\/manosinkietas.com\/en\/wp-json\/wp\/v2\/product\/4342\/revisions\/10815"}],"wp:featuredmedia":[{"embeddable":true,"href":"https:\/\/manosinkietas.com\/en\/wp-json\/wp\/v2\/media\/4094"}],"wp:attachment":[{"href":"https:\/\/manosinkietas.com\/en\/wp-json\/wp\/v2\/media?parent=4342"}],"wp:term":[{"taxonomy":"product_brand","embeddable":true,"href":"https:\/\/manosinkietas.com\/en\/wp-json\/wp\/v2\/product_brand?post=4342"},{"taxonomy":"product_cat","embeddable":true,"href":"https:\/\/manosinkietas.com\/en\/wp-json\/wp\/v2\/product_cat?post=4342"},{"taxonomy":"product_tag","embeddable":true,"href":"https:\/\/manosinkietas.com\/en\/wp-json\/wp\/v2\/product_tag?post=4342"},{"taxonomy":"filtro_producto","embeddable":true,"href":"https:\/\/manosinkietas.com\/en\/wp-json\/wp\/v2\/filtro_producto?post=4342"}],"curies":[{"name":"wp","href":"https:\/\/api.w.org\/{rel}","templated":true}]}}

<p>Hermosas y originales placas para personalizar. Es el complemento ideal para un detalle especial.</p>
<p>Esta placa personalizada es una excelente opción como regalo para el profesor en fin de curso, para el día de las madres, para el día del padre, para decorar un regalo de cumpleaños, conmemorar algún evento especial o para colgarla en la pared. Puedes incluir texto o dibujos en tu placa, flores preservadas a tu gusto, colores, metacrilato y formas según lo que desees.</p>
<p>Esta pieza es de madera cortada y grabada a láser.</p>
<p>Medidas:</p>
<p>Diámetro: 13 CM aproximadamente.</p>
<p>*****************************************</p>
<p>Por favor, pregúntanos si tienes alguna duda acerca de nuestros productos. Estamos felices de atenderte.</p>
<p>Recordatorio: esta es una pequeña tienda de emprendedores y el tiempo invertido en crear nuestras piezas únicas también tiene valor.</p>
<p>¿Te gustan nuestros productos? Echa un vistazo a la tienda:</p>
