{"id":2656,"date":"2021-04-30T15:17:17","date_gmt":"2021-04-30T13:17:17","guid":{"rendered":"https:\/\/manosinkietas.com\/producto\/nacimiento-madera-tapa-deslizable\/"},"modified":"2024-12-02T18:09:14","modified_gmt":"2024-12-02T17:09:14","slug":"nacimiento-madera-tapa-deslizable","status":"publish","type":"product","link":"https:\/\/manosinkietas.com\/en\/product\/nacimiento-madera-tapa-deslizable\/","title":{"rendered":"Nacimiento de Madera con Tapa Deslizable"},"content":{"rendered":"<p>Precioso nacimiento de madera que puede ser utilizado como adorno en tu \u00e1rbol de navidad! Este nacimiento fue creado con madera contrachapado de okume y MDF en color blanco.<\/p>\n<p>El nacimiento puede personalizarse con un breve mensaje en la tapa deslizable.<\/p>\n<p>Puedes deslizar la tapa para abrir o cerrar el bel\u00e9n.<\/p>\n<p>Medidas: D\u00cdAMETRO 7cm.<\/p>\n<p>Incluye una hermosa caja en cartulina kraft con viruta de madera, tal como puedes apreciar en las im\u00e1genes.<\/p>\n<p>*****************************************<\/p>\n<p>Por favor, preg\u00fantanos si tienes alguna duda acerca de nuestros productos. Estamos felices de atenderte.<\/p>\n<p>Recordatorio: esta es una peque\u00f1a tienda de emprendedores y el tiempo invertido en crear nuestras piezas \u00fanicas tambi\u00e9n tiene valor.<\/p>\n<p>\u00bfTe gustan nuestros productos? Echa un vistazo a la tienda:<\/p>","protected":false},"excerpt":{"rendered":"<p>Precioso nacimiento de madera que puede ser utilizado como adorno en tu \u00e1rbol de navidad! Este nacimiento fue creado con madera contrachapado de okume y MDF en color blanco.<\/p>","protected":false},"featured_media":2657,"comment_status":"open","ping_status":"closed","template":"","meta":{"_acf_changed":false},"product_brand":[],"product_cat":[705,56],"product_tag":[166,161,434,49,69,163,162,160,433,155],"filtro_producto":[],"class_list":{"0":"post-2656","1":"product","2":"type-product","3":"status-publish","4":"has-post-thumbnail","6":"product_cat-nacimientos-y-belenes","7":"product_cat-navidad-y-ano-nuevo","8":"product_tag-adorno-de-navidad","9":"product_tag-belen","10":"product_tag-belen-de-madera-y-mdf-blanco","11":"product_tag-corte-laser","12":"product_tag-grabado-laser","13":"product_tag-misterio","14":"product_tag-misterio-de-navidad","15":"product_tag-nacimiento","16":"product_tag-nacimiento-de-madera-y-mdf-blanco","17":"product_tag-navidad","18":"product_shipping_class-cc","20":"first","21":"instock","22":"taxable","23":"shipping-taxable","24":"purchasable","25":"product-type-variable"},"acf":[],"aioseo_notices":[],"_links":{"self":[{"href":"https:\/\/manosinkietas.com\/en\/wp-json\/wp\/v2\/product\/2656","targetHints":{"allow":["GET"]}}],"collection":[{"href":"https:\/\/manosinkietas.com\/en\/wp-json\/wp\/v2\/product"}],"about":[{"href":"https:\/\/manosinkietas.com\/en\/wp-json\/wp\/v2\/types\/product"}],"replies":[{"embeddable":true,"href":"https:\/\/manosinkietas.com\/en\/wp-json\/wp\/v2\/comments?post=2656"}],"version-history":[{"count":1,"href":"https:\/\/manosinkietas.com\/en\/wp-json\/wp\/v2\/product\/2656\/revisions"}],"predecessor-version":[{"id":5190,"href":"https:\/\/manosinkietas.com\/en\/wp-json\/wp\/v2\/product\/2656\/revisions\/5190"}],"wp:featuredmedia":[{"embeddable":true,"href":"https:\/\/manosinkietas.com\/en\/wp-json\/wp\/v2\/media\/2657"}],"wp:attachment":[{"href":"https:\/\/manosinkietas.com\/en\/wp-json\/wp\/v2\/media?parent=2656"}],"wp:term":[{"taxonomy":"product_brand","embeddable":true,"href":"https:\/\/manosinkietas.com\/en\/wp-json\/wp\/v2\/product_brand?post=2656"},{"taxonomy":"product_cat","embeddable":true,"href":"https:\/\/manosinkietas.com\/en\/wp-json\/wp\/v2\/product_cat?post=2656"},{"taxonomy":"product_tag","embeddable":true,"href":"https:\/\/manosinkietas.com\/en\/wp-json\/wp\/v2\/product_tag?post=2656"},{"taxonomy":"filtro_producto","embeddable":true,"href":"https:\/\/manosinkietas.com\/en\/wp-json\/wp\/v2\/filtro_producto?post=2656"}],"curies":[{"name":"wp","href":"https:\/\/api.w.org\/{rel}","templated":true}]}}

<p>Precioso nacimiento de madera que puede ser utilizado como adorno en tu árbol de navidad! Este nacimiento fue creado con madera contrachapado de okume y MDF en color blanco.</p>
<p>El nacimiento puede personalizarse con un breve mensaje en la tapa deslizable.</p>
<p>Puedes deslizar la tapa para abrir o cerrar el belén.</p>
<p>Medidas: DÍAMETRO 7cm.</p>
<p>Incluye una hermosa caja en cartulina kraft con viruta de madera, tal como puedes apreciar en las imágenes.</p>
<p>*****************************************</p>
<p>Por favor, pregúntanos si tienes alguna duda acerca de nuestros productos. Estamos felices de atenderte.</p>
<p>Recordatorio: esta es una pequeña tienda de emprendedores y el tiempo invertido en crear nuestras piezas únicas también tiene valor.</p>
<p>¿Te gustan nuestros productos? Echa un vistazo a la tienda:</p>

<p>Precioso nacimiento de madera que puede ser utilizado como adorno en tu árbol de navidad! Este nacimiento fue creado con madera contrachapado de okume y MDF en color blanco.</p>
