{"id":2434,"date":"2021-04-30T15:16:56","date_gmt":"2021-04-30T13:16:56","guid":{"rendered":"https:\/\/manosinkietas.com\/producto\/nacimiento-madera-metacrilato\/"},"modified":"2026-03-31T19:33:49","modified_gmt":"2026-03-31T17:33:49","slug":"nacimiento-de-madera-y-metacrilato","status":"publish","type":"product","link":"https:\/\/manosinkietas.com\/en\/product\/nacimiento-de-madera-y-metacrilato\/","title":{"rendered":"Nacimiento de Madera y Metacrilato"},"content":{"rendered":"<p>Hermosos nacimientos de madera y metacrilato a corte l\u00e1ser. Ideales para decorar tu hogar u oficina en \u00e9poca navide\u00f1a o para hacer un regalo original.<\/p>\n<p>Tienes 3 modelos a elegir.<\/p>\n<p>Incluyen una bolsita de algod\u00f3n natural con cord\u00f3n.<\/p>\n<p>Medidas: Alto: 6,9cm (2,71 inches) Ancho: 6cm (2,36 inches)<\/p>\n<p>*****************************************<\/p>\n<p>Por favor, preg\u00fantanos si tienes alguna duda acerca de nuestros productos. Estamos felices de atenderte.<\/p>\n<p>Recordatorio: esta es una peque\u00f1a tienda de emprendedores y el tiempo invertido en crear nuestras piezas \u00fanicas tambi\u00e9n tiene valor.<\/p>\n<p>\u00bfTe gustan nuestros productos? Echa un vistazo a la tienda:<\/p>","protected":false},"excerpt":{"rendered":"<p>Hermosos nacimientos de madera y metacrilato a corte l\u00e1ser. Ideales para decorar tu hogar u oficina en \u00e9poca navide\u00f1a o para hacer un regalo original.<\/p>","protected":false},"featured_media":2435,"comment_status":"open","ping_status":"closed","template":"","meta":{"_acf_changed":false},"product_brand":[],"product_cat":[705,56],"product_tag":[166,161,301,49,163,162,160,300,155],"filtro_producto":[],"class_list":{"0":"post-2434","1":"product","2":"type-product","3":"status-publish","4":"has-post-thumbnail","6":"product_cat-nacimientos-y-belenes","7":"product_cat-navidad-y-ano-nuevo","8":"product_tag-adorno-de-navidad","9":"product_tag-belen","10":"product_tag-belen-de-madera-y-metacrilato","11":"product_tag-corte-laser","12":"product_tag-misterio","13":"product_tag-misterio-de-navidad","14":"product_tag-nacimiento","15":"product_tag-nacimiento-de-madera-y-metacrilato","16":"product_tag-navidad","17":"product_shipping_class-cc","19":"first","20":"instock","21":"taxable","22":"shipping-taxable","23":"purchasable","24":"product-type-variable"},"acf":[],"aioseo_notices":[],"_links":{"self":[{"href":"https:\/\/manosinkietas.com\/en\/wp-json\/wp\/v2\/product\/2434","targetHints":{"allow":["GET"]}}],"collection":[{"href":"https:\/\/manosinkietas.com\/en\/wp-json\/wp\/v2\/product"}],"about":[{"href":"https:\/\/manosinkietas.com\/en\/wp-json\/wp\/v2\/types\/product"}],"replies":[{"embeddable":true,"href":"https:\/\/manosinkietas.com\/en\/wp-json\/wp\/v2\/comments?post=2434"}],"version-history":[{"count":1,"href":"https:\/\/manosinkietas.com\/en\/wp-json\/wp\/v2\/product\/2434\/revisions"}],"predecessor-version":[{"id":8380,"href":"https:\/\/manosinkietas.com\/en\/wp-json\/wp\/v2\/product\/2434\/revisions\/8380"}],"wp:featuredmedia":[{"embeddable":true,"href":"https:\/\/manosinkietas.com\/en\/wp-json\/wp\/v2\/media\/2435"}],"wp:attachment":[{"href":"https:\/\/manosinkietas.com\/en\/wp-json\/wp\/v2\/media?parent=2434"}],"wp:term":[{"taxonomy":"product_brand","embeddable":true,"href":"https:\/\/manosinkietas.com\/en\/wp-json\/wp\/v2\/product_brand?post=2434"},{"taxonomy":"product_cat","embeddable":true,"href":"https:\/\/manosinkietas.com\/en\/wp-json\/wp\/v2\/product_cat?post=2434"},{"taxonomy":"product_tag","embeddable":true,"href":"https:\/\/manosinkietas.com\/en\/wp-json\/wp\/v2\/product_tag?post=2434"},{"taxonomy":"filtro_producto","embeddable":true,"href":"https:\/\/manosinkietas.com\/en\/wp-json\/wp\/v2\/filtro_producto?post=2434"}],"curies":[{"name":"wp","href":"https:\/\/api.w.org\/{rel}","templated":true}]}}

<p>Hermosos nacimientos de madera y metacrilato a corte láser. Ideales para decorar tu hogar u oficina en época navideña o para hacer un regalo original.</p>
<p>Tienes 3 modelos a elegir.</p>
<p>Incluyen una bolsita de algodón natural con cordón.</p>
<p>Medidas: Alto: 6,9cm (2,71 inches) Ancho: 6cm (2,36 inches)</p>
<p>*****************************************</p>
<p>Por favor, pregúntanos si tienes alguna duda acerca de nuestros productos. Estamos felices de atenderte.</p>
<p>Recordatorio: esta es una pequeña tienda de emprendedores y el tiempo invertido en crear nuestras piezas únicas también tiene valor.</p>
<p>¿Te gustan nuestros productos? Echa un vistazo a la tienda:</p>

<p>Hermosos nacimientos de madera y metacrilato a corte láser. Ideales para decorar tu hogar u oficina en época navideña o para hacer un regalo original.</p>
