{"id":12480,"date":"2026-02-02T13:50:58","date_gmt":"2026-02-02T12:50:58","guid":{"rendered":"https:\/\/manosinkietas.com\/?post_type=product&#038;p=12480"},"modified":"2026-02-02T14:02:29","modified_gmt":"2026-02-02T13:02:29","slug":"marco-doble-tipo-libro-para-san-valentin","status":"publish","type":"product","link":"https:\/\/manosinkietas.com\/en\/product\/marco-doble-tipo-libro-para-san-valentin\/","title":{"rendered":"Marco Doble Tipo Libro para San Valent\u00edn"},"content":{"rendered":"<p>Precioso marco doble tipo libro para San Valent\u00edn grabado en madera.<\/p>\n<p>Esta hermosa pieza tiene 2 marcos: Uno para el mensaje grabado a l\u00e1ser en madera contrachapado y el otro con espacio para foto (13cm x 18cm). Ideal como detalle de San Valent\u00edn.<\/p>\n<p>Tienes 2 modelos a elegir:<\/p>\n<p>Mi regalo eres t\u00fa, con coraz\u00f3n de metacrilato rojo y lazo grabado<\/p>\n<p>Siempre juntos, con un par de corazones de metacrilato<\/p>\n<p>Medidas de cada marco:<\/p>\n<p>Alto: 19,8cm<br \/>\nAncho: 13,7cm<\/p>\n<p>Medidas foto: 13cm x 18cm<\/p>\n<p>Tiempo de preparaci\u00f3n: 8 a 10 d\u00edas laborables<\/p>\n<p>*****************************************<\/p>\n<p>Por favor, preg\u00fantanos si tienes alguna duda acerca de nuestros productos. Estamos felices de atenderte. Recordatorio: esta es una peque\u00f1a tienda de emprendedores y el tiempo invertido en crear nuestras piezas \u00fanicas tambi\u00e9n tiene valor. \u00bfTe gustan nuestros productos? Echa un vistazo a la tienda:<\/p>","protected":false},"excerpt":{"rendered":"<p>Precioso marco doble tipo libro para San Valent\u00edn grabado en madera.<\/p>","protected":false},"featured_media":12484,"comment_status":"open","ping_status":"closed","template":"","meta":{"_acf_changed":false},"product_brand":[],"product_cat":[36,703],"product_tag":[49,1244,1571,1230,877,602,603,987,921,1543,457,69,196,1042,494,1095,1096,1555,875,876,222,881,882,1538,885,219,1570,1229,218,1556],"filtro_producto":[],"class_list":{"0":"post-12480","1":"product","2":"type-product","3":"status-publish","4":"has-post-thumbnail","6":"product_cat-celebracion","7":"product_cat-menaje","8":"product_tag-corte-laser","9":"product_tag-detalle-de-san-valentin","10":"product_tag-detalle-san-valentin","11":"product_tag-detalles-de-san-valentin","12":"product_tag-detalles-para-novios","13":"product_tag-dia-de-los-enamorados","14":"product_tag-dia-del-amor","15":"product_tag-dia-del-amor-y-la-amistad","16":"product_tag-foto","17":"product_tag-foto-san-valentin","18":"product_tag-fotografia","19":"product_tag-grabado-laser","20":"product_tag-madera","21":"product_tag-marco","22":"product_tag-marco-de-fotos","23":"product_tag-marco-doble","24":"product_tag-marco-tipo-libro","25":"product_tag-mi-regalo-eres-tu","26":"product_tag-novia","27":"product_tag-novio","28":"product_tag-novios","29":"product_tag-placas","30":"product_tag-placas-de-madera","31":"product_tag-placas-de-madera-con-fotos-san-valentin","32":"product_tag-placas-personalizadas","33":"product_tag-regalo-de-san-valentin","34":"product_tag-regalo-san-valentin","35":"product_tag-regalos-de-san-valentin","36":"product_tag-san-valentin","37":"product_tag-siempre-juntos","38":"product_shipping_class-cc","40":"first","41":"instock","42":"taxable","43":"shipping-taxable","44":"purchasable","45":"product-type-variable"},"acf":[],"aioseo_notices":[],"_links":{"self":[{"href":"https:\/\/manosinkietas.com\/en\/wp-json\/wp\/v2\/product\/12480","targetHints":{"allow":["GET"]}}],"collection":[{"href":"https:\/\/manosinkietas.com\/en\/wp-json\/wp\/v2\/product"}],"about":[{"href":"https:\/\/manosinkietas.com\/en\/wp-json\/wp\/v2\/types\/product"}],"replies":[{"embeddable":true,"href":"https:\/\/manosinkietas.com\/en\/wp-json\/wp\/v2\/comments?post=12480"}],"version-history":[{"count":1,"href":"https:\/\/manosinkietas.com\/en\/wp-json\/wp\/v2\/product\/12480\/revisions"}],"predecessor-version":[{"id":12481,"href":"https:\/\/manosinkietas.com\/en\/wp-json\/wp\/v2\/product\/12480\/revisions\/12481"}],"wp:featuredmedia":[{"embeddable":true,"href":"https:\/\/manosinkietas.com\/en\/wp-json\/wp\/v2\/media\/12484"}],"wp:attachment":[{"href":"https:\/\/manosinkietas.com\/en\/wp-json\/wp\/v2\/media?parent=12480"}],"wp:term":[{"taxonomy":"product_brand","embeddable":true,"href":"https:\/\/manosinkietas.com\/en\/wp-json\/wp\/v2\/product_brand?post=12480"},{"taxonomy":"product_cat","embeddable":true,"href":"https:\/\/manosinkietas.com\/en\/wp-json\/wp\/v2\/product_cat?post=12480"},{"taxonomy":"product_tag","embeddable":true,"href":"https:\/\/manosinkietas.com\/en\/wp-json\/wp\/v2\/product_tag?post=12480"},{"taxonomy":"filtro_producto","embeddable":true,"href":"https:\/\/manosinkietas.com\/en\/wp-json\/wp\/v2\/filtro_producto?post=12480"}],"curies":[{"name":"wp","href":"https:\/\/api.w.org\/{rel}","templated":true}]}}

Marco Doble Tipo Libro para San Valentín

<p>Precioso marco doble tipo libro para San Valentín grabado en madera.</p>
<p>Esta hermosa pieza tiene 2 marcos: Uno para el mensaje grabado a láser en madera contrachapado y el otro con espacio para foto (13cm x 18cm). Ideal como detalle de San Valentín.</p>
<p>Tienes 2 modelos a elegir:</p>
<p>Mi regalo eres tú, con corazón de metacrilato rojo y lazo grabado</p>
<p>Siempre juntos, con un par de corazones de metacrilato</p>
<p>Medidas de cada marco:</p>
<p>Alto: 19,8cm<br />
Ancho: 13,7cm</p>
<p>Medidas foto: 13cm x 18cm</p>
<p>Tiempo de preparación: 8 a 10 días laborables</p>
<p>*****************************************</p>
<p>Por favor, pregúntanos si tienes alguna duda acerca de nuestros productos. Estamos felices de atenderte. Recordatorio: esta es una pequeña tienda de emprendedores y el tiempo invertido en crear nuestras piezas únicas también tiene valor. ¿Te gustan nuestros productos? Echa un vistazo a la tienda:</p>

<p>Precioso marco doble tipo libro para San Valentín grabado en madera.</p>
