{"id":12351,"date":"2026-01-22T18:41:16","date_gmt":"2026-01-22T17:41:16","guid":{"rendered":"https:\/\/manosinkietas.com\/?post_type=product&#038;p=12351"},"modified":"2026-03-31T19:05:26","modified_gmt":"2026-03-31T17:05:26","slug":"placas-de-madera-con-fotos-grabadas-san-valentin","status":"publish","type":"product","link":"https:\/\/manosinkietas.com\/en\/product\/placas-de-madera-con-fotos-grabadas-san-valentin\/","title":{"rendered":"Placas de Madera con Fotos o Ilustraciones Grabadas para San Valent\u00edn"},"content":{"rendered":"<p>Preciosas placas de madera con fotos o ilustraciones grabadas para San Valent\u00edn.<\/p>\n<p>Estas bonitas placas de madera son elaboradas en contrachapado de 3mm y tienen base de madera como soporte.<\/p>\n<p>Tienes 2 opciones a elegir:<\/p>\n<p>Foto grabada<\/p>\n<p>Ilustraci\u00f3n grabada<\/p>\n<p>S\u00f3lo tienes que enviarnos la foto y nosotros nos encargamos de hacer la ilustraci\u00f3n.<\/p>\n<p>Ideales para regalar a un ser querido, a tu pareja en San Valent\u00edn o para cualquier ocasi\u00f3n especial.<\/p>\n<p>Medidas aproximadas de la pieza:<\/p>\n<p>Placa: 16cm de alto x 10cm de ancho<\/p>\n<p>Base de madera: 10cm de alto x 2cm de ancho x 3cm de profundidad<\/p>\n<p>*****************************************<\/p>\n<p>Por favor, preg\u00fantanos si tienes alguna duda acerca de nuestros productos. Estamos felices de atenderte. Recordatorio: esta es una peque\u00f1a tienda de emprendedores y el tiempo invertido en crear nuestras piezas \u00fanicas tambi\u00e9n tiene valor. \u00bfTe gustan nuestros productos? Echa un vistazo a la tienda:<\/p>","protected":false},"excerpt":{"rendered":"<p>Preciosas placas de madera con fotos o ilustraciones grabadas para San Valent\u00edn.<\/p>","protected":false},"featured_media":12435,"comment_status":"open","ping_status":"closed","template":"","meta":{"_acf_changed":false},"product_brand":[],"product_cat":[36,701],"product_tag":[198,484,1244,604,602,603,987,1543,69,1542,196,1544,881,882,1536,1537,1538,1539,1540,1541,219,218],"filtro_producto":[],"class_list":{"0":"post-12351","1":"product","2":"type-product","3":"status-publish","4":"has-post-thumbnail","6":"product_cat-celebracion","7":"product_cat-placas-personalizadas","8":"product_tag-decoracion","9":"product_tag-decoracion-del-hogar","10":"product_tag-detalle-de-san-valentin","11":"product_tag-dia-de-la-amistad","12":"product_tag-dia-de-los-enamorados","13":"product_tag-dia-del-amor","14":"product_tag-dia-del-amor-y-la-amistad","15":"product_tag-foto-san-valentin","16":"product_tag-grabado-laser","17":"product_tag-ilustracion-san-valentin","18":"product_tag-madera","19":"product_tag-placa-de-madera-con-base","20":"product_tag-placas","21":"product_tag-placas-de-madera","22":"product_tag-placas-de-madera-con-fotos","23":"product_tag-placas-de-madera-con-fotos-grabadas","24":"product_tag-placas-de-madera-con-fotos-san-valentin","25":"product_tag-placas-de-madera-con-ilustracion","26":"product_tag-placas-de-madera-con-ilustracion-grabada","27":"product_tag-placas-de-madera-con-ilustracion-san-valentin","28":"product_tag-regalo-de-san-valentin","29":"product_tag-san-valentin","30":"product_shipping_class-cc","32":"first","33":"instock","34":"taxable","35":"shipping-taxable","36":"purchasable","37":"product-type-variable"},"acf":[],"aioseo_notices":[],"_links":{"self":[{"href":"https:\/\/manosinkietas.com\/en\/wp-json\/wp\/v2\/product\/12351","targetHints":{"allow":["GET"]}}],"collection":[{"href":"https:\/\/manosinkietas.com\/en\/wp-json\/wp\/v2\/product"}],"about":[{"href":"https:\/\/manosinkietas.com\/en\/wp-json\/wp\/v2\/types\/product"}],"replies":[{"embeddable":true,"href":"https:\/\/manosinkietas.com\/en\/wp-json\/wp\/v2\/comments?post=12351"}],"version-history":[{"count":2,"href":"https:\/\/manosinkietas.com\/en\/wp-json\/wp\/v2\/product\/12351\/revisions"}],"predecessor-version":[{"id":12421,"href":"https:\/\/manosinkietas.com\/en\/wp-json\/wp\/v2\/product\/12351\/revisions\/12421"}],"wp:featuredmedia":[{"embeddable":true,"href":"https:\/\/manosinkietas.com\/en\/wp-json\/wp\/v2\/media\/12435"}],"wp:attachment":[{"href":"https:\/\/manosinkietas.com\/en\/wp-json\/wp\/v2\/media?parent=12351"}],"wp:term":[{"taxonomy":"product_brand","embeddable":true,"href":"https:\/\/manosinkietas.com\/en\/wp-json\/wp\/v2\/product_brand?post=12351"},{"taxonomy":"product_cat","embeddable":true,"href":"https:\/\/manosinkietas.com\/en\/wp-json\/wp\/v2\/product_cat?post=12351"},{"taxonomy":"product_tag","embeddable":true,"href":"https:\/\/manosinkietas.com\/en\/wp-json\/wp\/v2\/product_tag?post=12351"},{"taxonomy":"filtro_producto","embeddable":true,"href":"https:\/\/manosinkietas.com\/en\/wp-json\/wp\/v2\/filtro_producto?post=12351"}],"curies":[{"name":"wp","href":"https:\/\/api.w.org\/{rel}","templated":true}]}}

Placas de Madera con Fotos o Ilustraciones Grabadas para San Valentín

<p>Preciosas placas de madera con fotos o ilustraciones grabadas para San Valentín.</p>
<p>Estas bonitas placas de madera son elaboradas en contrachapado de 3mm y tienen base de madera como soporte.</p>
<p>Tienes 2 opciones a elegir:</p>
<p>Foto grabada</p>
<p>Ilustración grabada</p>
<p>Sólo tienes que enviarnos la foto y nosotros nos encargamos de hacer la ilustración.</p>
<p>Ideales para regalar a un ser querido, a tu pareja en San Valentín o para cualquier ocasión especial.</p>
<p>Medidas aproximadas de la pieza:</p>
<p>Placa: 16cm de alto x 10cm de ancho</p>
<p>Base de madera: 10cm de alto x 2cm de ancho x 3cm de profundidad</p>
<p>*****************************************</p>
<p>Por favor, pregúntanos si tienes alguna duda acerca de nuestros productos. Estamos felices de atenderte. Recordatorio: esta es una pequeña tienda de emprendedores y el tiempo invertido en crear nuestras piezas únicas también tiene valor. ¿Te gustan nuestros productos? Echa un vistazo a la tienda:</p>

<p>Preciosas placas de madera con fotos o ilustraciones grabadas para San Valentín.</p>
