{"id":12250,"date":"2025-11-27T11:46:13","date_gmt":"2025-11-27T10:46:13","guid":{"rendered":"https:\/\/manosinkietas.com\/?post_type=product&#038;p=12250"},"modified":"2025-12-03T14:39:20","modified_gmt":"2025-12-03T13:39:20","slug":"velas-con-mensaje-navidad","status":"publish","type":"product","link":"https:\/\/manosinkietas.com\/en\/product\/velas-con-mensaje-navidad\/","title":{"rendered":"Velas con Mensaje de Navidad"},"content":{"rendered":"<p>Originales velas con mensaje de Navidad. Cada vela viene en un tarro de cristal con tapa de metal que tiene un mensaje grabado en madera contrachapado 3mm y una estrellita. Las estrellitas son de metacrilato oro, verde y rojo espejo. Un detalle perfecto para regalar en Navidad, para los m\u00e1s m\u00edsticos.<\/p>\n<p>La fragancia es de salvia silvestre y sal marina.<\/p>\n<p>Medidas del tarro:<\/p>\n<p>Ancho: 6,5cm<\/p>\n<p>Ancho de la pieza de madera: 5,50cm<\/p>\n<p>*****************************************<\/p>\n<p>Por favor, preg\u00fantanos si tienes alguna duda acerca de nuestros productos. Estamos felices de atenderte.<\/p>\n<p>Recordatorio: esta es una peque\u00f1a tienda de emprendedores y el tiempo invertido en crear nuestras piezas \u00fanicas tambi\u00e9n tiene valor.<\/p>\n<p>\u00bfTe gustan nuestros productos? Echa un vistazo a la tienda:<\/p>","protected":false},"excerpt":{"rendered":"<p>Originales velas con mensaje de Navidad. Cada vela viene en un tarro de cristal con tapa de metal que tiene un mensaje grabado en madera contrachapado 3mm y una estrellita.<\/p>","protected":false},"featured_media":12253,"comment_status":"open","ping_status":"closed","template":"","meta":{"_acf_changed":false},"product_brand":[],"product_cat":[708,56],"product_tag":[49,198,1428,69,155,156,640,772,1495,1500,1496,1497,1499,1498],"filtro_producto":[],"class_list":{"0":"post-12250","1":"product","2":"type-product","3":"status-publish","4":"has-post-thumbnail","6":"product_cat-menaje-de-navidad","7":"product_cat-navidad-y-ano-nuevo","8":"product_tag-corte-laser","9":"product_tag-decoracion","10":"product_tag-decoracion-navidena","11":"product_tag-grabado-laser","12":"product_tag-navidad","13":"product_tag-regalo-de-navidad","14":"product_tag-regalo-navideno","15":"product_tag-regalos-de-navidad","16":"product_tag-vela","17":"product_tag-vela-con-mensaje-navideno","18":"product_tag-vela-de-navidad","19":"product_tag-velas","20":"product_tag-velas-con-mensajes-navidenos","21":"product_tag-velas-de-navidad","22":"product_shipping_class-cc","24":"first","25":"instock","26":"featured","27":"taxable","28":"shipping-taxable","29":"purchasable","30":"product-type-simple"},"acf":[],"aioseo_notices":[],"_links":{"self":[{"href":"https:\/\/manosinkietas.com\/en\/wp-json\/wp\/v2\/product\/12250","targetHints":{"allow":["GET"]}}],"collection":[{"href":"https:\/\/manosinkietas.com\/en\/wp-json\/wp\/v2\/product"}],"about":[{"href":"https:\/\/manosinkietas.com\/en\/wp-json\/wp\/v2\/types\/product"}],"replies":[{"embeddable":true,"href":"https:\/\/manosinkietas.com\/en\/wp-json\/wp\/v2\/comments?post=12250"}],"version-history":[{"count":1,"href":"https:\/\/manosinkietas.com\/en\/wp-json\/wp\/v2\/product\/12250\/revisions"}],"predecessor-version":[{"id":12254,"href":"https:\/\/manosinkietas.com\/en\/wp-json\/wp\/v2\/product\/12250\/revisions\/12254"}],"wp:featuredmedia":[{"embeddable":true,"href":"https:\/\/manosinkietas.com\/en\/wp-json\/wp\/v2\/media\/12253"}],"wp:attachment":[{"href":"https:\/\/manosinkietas.com\/en\/wp-json\/wp\/v2\/media?parent=12250"}],"wp:term":[{"taxonomy":"product_brand","embeddable":true,"href":"https:\/\/manosinkietas.com\/en\/wp-json\/wp\/v2\/product_brand?post=12250"},{"taxonomy":"product_cat","embeddable":true,"href":"https:\/\/manosinkietas.com\/en\/wp-json\/wp\/v2\/product_cat?post=12250"},{"taxonomy":"product_tag","embeddable":true,"href":"https:\/\/manosinkietas.com\/en\/wp-json\/wp\/v2\/product_tag?post=12250"},{"taxonomy":"filtro_producto","embeddable":true,"href":"https:\/\/manosinkietas.com\/en\/wp-json\/wp\/v2\/filtro_producto?post=12250"}],"curies":[{"name":"wp","href":"https:\/\/api.w.org\/{rel}","templated":true}]}}

<p>Originales velas con mensaje de Navidad. Cada vela viene en un tarro de cristal con tapa de metal que tiene un mensaje grabado en madera contrachapado 3mm y una estrellita. Las estrellitas son de metacrilato oro, verde y rojo espejo. Un detalle perfecto para regalar en Navidad, para los más místicos.</p>
<p>La fragancia es de salvia silvestre y sal marina.</p>
<p>Medidas del tarro:</p>
<p>Ancho: 6,5cm</p>
<p>Ancho de la pieza de madera: 5,50cm</p>
<p>*****************************************</p>
<p>Por favor, pregúntanos si tienes alguna duda acerca de nuestros productos. Estamos felices de atenderte.</p>
<p>Recordatorio: esta es una pequeña tienda de emprendedores y el tiempo invertido en crear nuestras piezas únicas también tiene valor.</p>
<p>¿Te gustan nuestros productos? Echa un vistazo a la tienda:</p>
