{"id":12234,"date":"2025-11-27T11:27:34","date_gmt":"2025-11-27T10:27:34","guid":{"rendered":"https:\/\/manosinkietas.com\/?post_type=product&#038;p=12234"},"modified":"2025-12-08T17:25:50","modified_gmt":"2025-12-08T16:25:50","slug":"marco-de-fotos-con-iman-navidad","status":"publish","type":"product","link":"https:\/\/manosinkietas.com\/en\/product\/marco-de-fotos-con-iman-navidad\/","title":{"rendered":"Marco de Fotos con Im\u00e1n para Navidad"},"content":{"rendered":"<p>Hermosos y originales marcos de fotos con im\u00e1n para Navidad. Cada marco contiene un espacio para que coloques una foto y adem\u00e1s, se puede personalizar con el nombre de tus peques o familiares.<\/p>\n<p>Estos marcos con im\u00e1n incluyen la frase &#8220;Feliz Navidad&#8221; pero puedes a\u00f1adir la que quieras.<\/p>\n<p>MEDIDAS DEL MARCO (ESPACIO PARA FOTO): 6 x 9cm<\/p>\n<p>MEDIDAS DE LA PIEZA ENTERA: 9 x 12,7cm<\/p>\n<p>*****************************************<\/p>\n<p>Por favor, preg\u00fantanos si tienes alguna duda acerca de nuestros productos. Estamos felices de atenderte.<\/p>\n<p>Recordatorio: esta es una peque\u00f1a tienda de emprendedores y el tiempo invertido en crear nuestras piezas \u00fanicas tambi\u00e9n tiene valor.<\/p>\n<p>\u00bfTe gustan nuestros productos? Echa un vistazo a la tienda:<\/p>","protected":false},"excerpt":{"rendered":"<p>Hermosos y originales marcos de fotos con im\u00e1n para Navidad. Cada marco contiene un espacio para que coloques una foto y adem\u00e1s, se puede personalizar con el nombre de tus peques o familiares.<\/p>","protected":false},"featured_media":12241,"comment_status":"open","ping_status":"closed","template":"","meta":{"_acf_changed":false},"product_brand":[],"product_cat":[708,56],"product_tag":[49,1442,1443,1493,1162,1448,754,69,1043,196,1042,1039,494,1491,1492,1494,156,72,772],"filtro_producto":[],"class_list":{"0":"post-12234","1":"product","2":"type-product","3":"status-publish","4":"has-post-thumbnail","6":"product_cat-menaje-de-navidad","7":"product_cat-navidad-y-ano-nuevo","8":"product_tag-corte-laser","9":"product_tag-detalle-de-navidad","10":"product_tag-detalle-navideno","11":"product_tag-detalle-personalizado","12":"product_tag-detalles-de-navidad","13":"product_tag-detalles-navidenos","14":"product_tag-detalles-personalizados","15":"product_tag-grabado-laser","16":"product_tag-iman","17":"product_tag-madera","18":"product_tag-marco","19":"product_tag-marco-con-iman","20":"product_tag-marco-de-fotos","21":"product_tag-marco-de-fotos-de-navidad","22":"product_tag-marco-de-fotos-navideno","23":"product_tag-marco-de-madera","24":"product_tag-regalo-de-navidad","25":"product_tag-regalo-personalizado","26":"product_tag-regalos-de-navidad","27":"product_shipping_class-cc","29":"first","30":"instock","31":"taxable","32":"shipping-taxable","33":"purchasable","34":"product-type-variable"},"acf":[],"aioseo_notices":[],"_links":{"self":[{"href":"https:\/\/manosinkietas.com\/en\/wp-json\/wp\/v2\/product\/12234","targetHints":{"allow":["GET"]}}],"collection":[{"href":"https:\/\/manosinkietas.com\/en\/wp-json\/wp\/v2\/product"}],"about":[{"href":"https:\/\/manosinkietas.com\/en\/wp-json\/wp\/v2\/types\/product"}],"replies":[{"embeddable":true,"href":"https:\/\/manosinkietas.com\/en\/wp-json\/wp\/v2\/comments?post=12234"}],"version-history":[{"count":3,"href":"https:\/\/manosinkietas.com\/en\/wp-json\/wp\/v2\/product\/12234\/revisions"}],"predecessor-version":[{"id":12249,"href":"https:\/\/manosinkietas.com\/en\/wp-json\/wp\/v2\/product\/12234\/revisions\/12249"}],"wp:featuredmedia":[{"embeddable":true,"href":"https:\/\/manosinkietas.com\/en\/wp-json\/wp\/v2\/media\/12241"}],"wp:attachment":[{"href":"https:\/\/manosinkietas.com\/en\/wp-json\/wp\/v2\/media?parent=12234"}],"wp:term":[{"taxonomy":"product_brand","embeddable":true,"href":"https:\/\/manosinkietas.com\/en\/wp-json\/wp\/v2\/product_brand?post=12234"},{"taxonomy":"product_cat","embeddable":true,"href":"https:\/\/manosinkietas.com\/en\/wp-json\/wp\/v2\/product_cat?post=12234"},{"taxonomy":"product_tag","embeddable":true,"href":"https:\/\/manosinkietas.com\/en\/wp-json\/wp\/v2\/product_tag?post=12234"},{"taxonomy":"filtro_producto","embeddable":true,"href":"https:\/\/manosinkietas.com\/en\/wp-json\/wp\/v2\/filtro_producto?post=12234"}],"curies":[{"name":"wp","href":"https:\/\/api.w.org\/{rel}","templated":true}]}}

Marco de Fotos con Imán para Navidad

<p>Hermosos y originales marcos de fotos con imán para Navidad. Cada marco contiene un espacio para que coloques una foto y además, se puede personalizar con el nombre de tus peques o familiares.</p>
<p>Estos marcos con imán incluyen la frase &#8220;Feliz Navidad&#8221; pero puedes añadir la que quieras.</p>
<p>MEDIDAS DEL MARCO (ESPACIO PARA FOTO): 6 x 9cm</p>
<p>MEDIDAS DE LA PIEZA ENTERA: 9 x 12,7cm</p>
<p>*****************************************</p>
<p>Por favor, pregúntanos si tienes alguna duda acerca de nuestros productos. Estamos felices de atenderte.</p>
<p>Recordatorio: esta es una pequeña tienda de emprendedores y el tiempo invertido en crear nuestras piezas únicas también tiene valor.</p>
<p>¿Te gustan nuestros productos? Echa un vistazo a la tienda:</p>

<p>Hermosos y originales marcos de fotos con imán para Navidad. Cada marco contiene un espacio para que coloques una foto y además, se puede personalizar con el nombre de tus peques o familiares.</p>
