{"id":12138,"date":"2025-11-22T09:14:09","date_gmt":"2025-11-22T08:14:09","guid":{"rendered":"https:\/\/manosinkietas.com\/?post_type=product&#038;p=12138"},"modified":"2025-12-08T17:27:05","modified_gmt":"2025-12-08T16:27:05","slug":"caja-madera-elfos","status":"publish","type":"product","link":"https:\/\/manosinkietas.com\/en\/product\/caja-madera-elfos\/","title":{"rendered":"Caja de Madera para Elfos"},"content":{"rendered":"<p>Hermosa y original cajita de madera para Elfos. La caja trae una etiqueta de madera para personalizar y colocar el nombre del peque. Perfecta para meter el peluche de Elfo en la caja. Queda con sus manos, brazos y cabeza por fuera, la caja se abre en la parte superior. En los extremos lleva 2 agujeros para atar con cinta o cuerda (no incluidas). La caja lleva 2 grabados, una parte con un sello de Pap\u00e1 Noel y otra con sello de Aprobado.<\/p>\n<p>Medidas:<\/p>\n<p>ALTO: 9cm<br \/>\nANCHO: 9cm<\/p>\n<p>*****************************************<\/p>\n<p>Por favor, preg\u00fantanos si tienes alguna duda acerca de nuestros productos. Estamos felices de atenderte.<\/p>\n<p>Recordatorio: esta es una peque\u00f1a tienda de emprendedores y el tiempo invertido en crear nuestras piezas \u00fanicas tambi\u00e9n tiene valor.<\/p>\n<p>\u00bfTe gustan nuestros productos? Echa un vistazo a la tienda:<\/p>","protected":false},"excerpt":{"rendered":"<p>Hermosa y original cajita de madera para Elfos. La caja trae una etiqueta de madera para personalizar y colocar el nombre del peque.<\/p>","protected":false},"featured_media":12145,"comment_status":"open","ping_status":"closed","template":"","meta":{"_acf_changed":false},"product_brand":[],"product_cat":[704,56],"product_tag":[481,238,1435,1429,956,1434,1433,49,1436,1430,1432,1431,69,155,451,156,640,1447,270,824],"filtro_producto":[],"class_list":{"0":"post-12138","1":"product","2":"type-product","3":"status-publish","4":"has-post-thumbnail","6":"product_cat-adornos-de-navidad","7":"product_cat-navidad-y-ano-nuevo","8":"product_tag-caja","9":"product_tag-caja-de-madera","10":"product_tag-caja-para-elfo","11":"product_tag-caja-para-elfos","12":"product_tag-cajita","13":"product_tag-cajita-para-elfo","14":"product_tag-cajita-para-elfos","15":"product_tag-corte-laser","16":"product_tag-elf","17":"product_tag-elfo","18":"product_tag-elfo-travieso","19":"product_tag-elfos","20":"product_tag-grabado-laser","21":"product_tag-navidad","22":"product_tag-regalo","23":"product_tag-regalo-de-navidad","24":"product_tag-regalo-navideno","25":"product_tag-regalo-para-peques","26":"product_tag-regalos","27":"product_tag-regalos-para-peques","28":"product_shipping_class-cc","30":"first","31":"instock","32":"featured","33":"taxable","34":"shipping-taxable","35":"purchasable","36":"product-type-simple"},"acf":[],"aioseo_notices":[],"_links":{"self":[{"href":"https:\/\/manosinkietas.com\/en\/wp-json\/wp\/v2\/product\/12138","targetHints":{"allow":["GET"]}}],"collection":[{"href":"https:\/\/manosinkietas.com\/en\/wp-json\/wp\/v2\/product"}],"about":[{"href":"https:\/\/manosinkietas.com\/en\/wp-json\/wp\/v2\/types\/product"}],"replies":[{"embeddable":true,"href":"https:\/\/manosinkietas.com\/en\/wp-json\/wp\/v2\/comments?post=12138"}],"version-history":[{"count":2,"href":"https:\/\/manosinkietas.com\/en\/wp-json\/wp\/v2\/product\/12138\/revisions"}],"predecessor-version":[{"id":12161,"href":"https:\/\/manosinkietas.com\/en\/wp-json\/wp\/v2\/product\/12138\/revisions\/12161"}],"wp:featuredmedia":[{"embeddable":true,"href":"https:\/\/manosinkietas.com\/en\/wp-json\/wp\/v2\/media\/12145"}],"wp:attachment":[{"href":"https:\/\/manosinkietas.com\/en\/wp-json\/wp\/v2\/media?parent=12138"}],"wp:term":[{"taxonomy":"product_brand","embeddable":true,"href":"https:\/\/manosinkietas.com\/en\/wp-json\/wp\/v2\/product_brand?post=12138"},{"taxonomy":"product_cat","embeddable":true,"href":"https:\/\/manosinkietas.com\/en\/wp-json\/wp\/v2\/product_cat?post=12138"},{"taxonomy":"product_tag","embeddable":true,"href":"https:\/\/manosinkietas.com\/en\/wp-json\/wp\/v2\/product_tag?post=12138"},{"taxonomy":"filtro_producto","embeddable":true,"href":"https:\/\/manosinkietas.com\/en\/wp-json\/wp\/v2\/filtro_producto?post=12138"}],"curies":[{"name":"wp","href":"https:\/\/api.w.org\/{rel}","templated":true}]}}

<p>Hermosa y original cajita de madera para Elfos. La caja trae una etiqueta de madera para personalizar y colocar el nombre del peque. Perfecta para meter el peluche de Elfo en la caja. Queda con sus manos, brazos y cabeza por fuera, la caja se abre en la parte superior. En los extremos lleva 2 agujeros para atar con cinta o cuerda (no incluidas). La caja lleva 2 grabados, una parte con un sello de Papá Noel y otra con sello de Aprobado.</p>
<p>Medidas:</p>
<p>ALTO: 9cm<br />
ANCHO: 9cm</p>
<p>*****************************************</p>
<p>Por favor, pregúntanos si tienes alguna duda acerca de nuestros productos. Estamos felices de atenderte.</p>
<p>Recordatorio: esta es una pequeña tienda de emprendedores y el tiempo invertido en crear nuestras piezas únicas también tiene valor.</p>
<p>¿Te gustan nuestros productos? Echa un vistazo a la tienda:</p>
