{"id":12076,"date":"2025-08-25T18:39:45","date_gmt":"2025-08-25T16:39:45","guid":{"rendered":"https:\/\/manosinkietas.com\/?post_type=product&#038;p=12076"},"modified":"2025-12-03T14:39:23","modified_gmt":"2025-12-03T13:39:23","slug":"placas-mochila-de-madera-mi-primer-dia-de-cole-o-guarde","status":"publish","type":"product","link":"https:\/\/manosinkietas.com\/en\/product\/placas-mochila-de-madera-mi-primer-dia-de-cole-o-guarde\/","title":{"rendered":"Placas Mochila de Madera Mi Primer D\u00eda de Cole o Guarde"},"content":{"rendered":"<p>Preciosas placas en forma de Mochila de Madera Mi Primer D\u00eda de Cole o Guarde.<\/p>\n<p>Estas bonitas placas son elaboradas en madera contrachapado de 3mm y en la personalizaci\u00f3n, usamos metacrilato en colores pasteles.<\/p>\n<p>Tienes 2 modelos a elegir: una placa Mochila de Madera Mi Primer D\u00eda de Cole o Guarde personalizada y otra placa Mochila de Madera Mi Primer D\u00eda de Cole o Guarde sin personalizar.<\/p>\n<p>Ideales para Vuelta al cole o Fin de curso.<\/p>\n<p>Las placas tienen unas piezas imantadas con las frases:<\/p>\n<p>Mi primer d\u00eda \/ Mi \u00faltimo d\u00eda<\/p>\n<p>para que las combines con otras piezas imantadas con las frases:<\/p>\n<p>Cole \/ Guarde<\/p>\n<p>En la personalizaci\u00f3n los nombres en metacrilato vienen acompa\u00f1ados de estas piezas:<\/p>\n<p>NI\u00d1A: flor y estrella<\/p>\n<p>NI\u00d1O: nube y estrella<\/p>\n<p>Medidas:<\/p>\n<p>ALTO: 18cm<\/p>\n<p>ANCHO: 13,7cm<\/p>\n<p>*****************************************<\/p>\n<p>Por favor, preg\u00fantanos si tienes alguna duda acerca de nuestros productos. Estamos felices de atenderte. Recordatorio: esta es una peque\u00f1a tienda de emprendedores y el tiempo invertido en crear nuestras piezas \u00fanicas tambi\u00e9n tiene valor. \u00bfTe gustan nuestros productos? Echa un vistazo a la tienda:<\/p>","protected":false},"excerpt":{"rendered":"<p>Preciosas placas en forma de Mochila de Madera Mi Primer D\u00eda de Cole o Guarde.<\/p>","protected":false},"featured_media":12088,"comment_status":"open","ping_status":"closed","template":"","meta":{"_acf_changed":false},"product_brand":[],"product_cat":[36,701],"product_tag":[1414,1420,49,661,69,1415,1419,196,1412,1413,1421,1422,90,1424,1423,881,882,1417,1418,1416],"filtro_producto":[],"class_list":{"0":"post-12076","1":"product","2":"type-product","3":"status-publish","4":"has-post-thumbnail","6":"product_cat-celebracion","7":"product_cat-placas-personalizadas","8":"product_tag-cole","9":"product_tag-colegio","10":"product_tag-corte-laser","11":"product_tag-fin-de-curso","12":"product_tag-grabado-laser","13":"product_tag-guarde","14":"product_tag-guarderia","15":"product_tag-madera","16":"product_tag-mi-primer-dia-de-cole","17":"product_tag-mi-primer-dia-de-guarde","18":"product_tag-mi-ultimo-dia-de-cole","19":"product_tag-mi-ultimo-dia-de-guarde","20":"product_tag-placa-de-madera","21":"product_tag-placa-fin-de-curso","22":"product_tag-placa-vuelta-al-cole","23":"product_tag-placas","24":"product_tag-placas-de-madera","25":"product_tag-placas-para-el-cole","26":"product_tag-placas-para-la-guarde","27":"product_tag-vuelta-al-cole","28":"product_shipping_class-cc","30":"first","31":"instock","32":"taxable","33":"shipping-taxable","34":"purchasable","35":"product-type-variable"},"acf":[],"aioseo_notices":[],"_links":{"self":[{"href":"https:\/\/manosinkietas.com\/en\/wp-json\/wp\/v2\/product\/12076","targetHints":{"allow":["GET"]}}],"collection":[{"href":"https:\/\/manosinkietas.com\/en\/wp-json\/wp\/v2\/product"}],"about":[{"href":"https:\/\/manosinkietas.com\/en\/wp-json\/wp\/v2\/types\/product"}],"replies":[{"embeddable":true,"href":"https:\/\/manosinkietas.com\/en\/wp-json\/wp\/v2\/comments?post=12076"}],"version-history":[{"count":2,"href":"https:\/\/manosinkietas.com\/en\/wp-json\/wp\/v2\/product\/12076\/revisions"}],"predecessor-version":[{"id":12093,"href":"https:\/\/manosinkietas.com\/en\/wp-json\/wp\/v2\/product\/12076\/revisions\/12093"}],"wp:featuredmedia":[{"embeddable":true,"href":"https:\/\/manosinkietas.com\/en\/wp-json\/wp\/v2\/media\/12088"}],"wp:attachment":[{"href":"https:\/\/manosinkietas.com\/en\/wp-json\/wp\/v2\/media?parent=12076"}],"wp:term":[{"taxonomy":"product_brand","embeddable":true,"href":"https:\/\/manosinkietas.com\/en\/wp-json\/wp\/v2\/product_brand?post=12076"},{"taxonomy":"product_cat","embeddable":true,"href":"https:\/\/manosinkietas.com\/en\/wp-json\/wp\/v2\/product_cat?post=12076"},{"taxonomy":"product_tag","embeddable":true,"href":"https:\/\/manosinkietas.com\/en\/wp-json\/wp\/v2\/product_tag?post=12076"},{"taxonomy":"filtro_producto","embeddable":true,"href":"https:\/\/manosinkietas.com\/en\/wp-json\/wp\/v2\/filtro_producto?post=12076"}],"curies":[{"name":"wp","href":"https:\/\/api.w.org\/{rel}","templated":true}]}}

Placas Mochila de Madera Mi Primer Día de Cole o Guarde

<p>Preciosas placas en forma de Mochila de Madera Mi Primer Día de Cole o Guarde.</p>
<p>Estas bonitas placas son elaboradas en madera contrachapado de 3mm y en la personalización, usamos metacrilato en colores pasteles.</p>
<p>Tienes 2 modelos a elegir: una placa Mochila de Madera Mi Primer Día de Cole o Guarde personalizada y otra placa Mochila de Madera Mi Primer Día de Cole o Guarde sin personalizar.</p>
<p>Ideales para Vuelta al cole o Fin de curso.</p>
<p>Las placas tienen unas piezas imantadas con las frases:</p>
<p>Mi primer día / Mi último día</p>
<p>para que las combines con otras piezas imantadas con las frases:</p>
<p>Cole / Guarde</p>
<p>En la personalización los nombres en metacrilato vienen acompañados de estas piezas:</p>
<p>NIÑA: flor y estrella</p>
<p>NIÑO: nube y estrella</p>
<p>Medidas:</p>
<p>ALTO: 18cm</p>
<p>ANCHO: 13,7cm</p>
<p>*****************************************</p>
<p>Por favor, pregúntanos si tienes alguna duda acerca de nuestros productos. Estamos felices de atenderte. Recordatorio: esta es una pequeña tienda de emprendedores y el tiempo invertido en crear nuestras piezas únicas también tiene valor. ¿Te gustan nuestros productos? Echa un vistazo a la tienda:</p>

<p>Preciosas placas en forma de Mochila de Madera Mi Primer Día de Cole o Guarde.</p>
