{"id":11487,"date":"2025-02-03T14:19:24","date_gmt":"2025-02-03T13:19:24","guid":{"rendered":"https:\/\/manosinkietas.com\/?post_type=product&#038;p=11487"},"modified":"2025-02-03T14:28:16","modified_gmt":"2025-02-03T13:28:16","slug":"marco-para-fotos-parejas-eres-el-amor-de-mi-vida","status":"publish","type":"product","link":"https:\/\/manosinkietas.com\/en\/product\/marco-para-fotos-parejas-eres-el-amor-de-mi-vida\/","title":{"rendered":"Marco para Fotos de Parejas Eres el Amor de mi Vida"},"content":{"rendered":"<p>Hermoso marco de fotos para exhibir tus im\u00e1genes favoritas y regalar a tu pareja en San Valent\u00edn.<\/p>\n<p>Puedes modificar el texto y personalizar el marco a tu gusto.<\/p>\n<p>Ideal para regalar en San Valent\u00edn o para celebrar aniversario de novios, bodas, etc. junto a tu pareja.<\/p>\n<p>Medidas:<\/p>\n<p>20cm x 15cm<\/p>\n<p>Medidas de la foto:<\/p>\n<p>18cm x 13cm<\/p>\n<p>*****************************************<\/p>\n<p>Por favor, preg\u00fantanos si tienes alguna duda acerca de nuestros productos. Estamos felices de atenderte.<\/p>\n<p>Recordatorio: esta es una peque\u00f1a tienda de emprendedores y el tiempo invertido en crear nuestras piezas \u00fanicas tambi\u00e9n tiene valor.<\/p>\n<p>\u00bfTe gustan nuestros productos? Echa un vistazo a la tienda:<\/p>","protected":false},"excerpt":{"rendered":"<p>Hermoso marco de fotos para exhibir tus im\u00e1genes favoritas y regalar a tu pareja en San Valent\u00edn.<\/p>","protected":false},"featured_media":11488,"comment_status":"open","ping_status":"closed","template":"","meta":{"_acf_changed":false},"product_brand":[],"product_cat":[36,703],"product_tag":[49,1244,668,1230,754,69,196,1042,494,220,451,219,283,472,72,270,490,239,218],"filtro_producto":[],"class_list":{"0":"post-11487","1":"product","2":"type-product","3":"status-publish","4":"has-post-thumbnail","6":"product_cat-celebracion","7":"product_cat-menaje","8":"product_tag-corte-laser","9":"product_tag-detalle-de-san-valentin","10":"product_tag-detalles","11":"product_tag-detalles-de-san-valentin","12":"product_tag-detalles-personalizados","13":"product_tag-grabado-laser","14":"product_tag-madera","15":"product_tag-marco","16":"product_tag-marco-de-fotos","17":"product_tag-parejas","18":"product_tag-regalo","19":"product_tag-regalo-de-san-valentin","20":"product_tag-regalo-para-ella","21":"product_tag-regalo-para-parejas","22":"product_tag-regalo-personalizado","23":"product_tag-regalos","24":"product_tag-regalos-originales","25":"product_tag-regalos-personalizados","26":"product_tag-san-valentin","28":"first","29":"instock","30":"taxable","31":"shipping-taxable","32":"purchasable","33":"product-type-simple"},"acf":[],"aioseo_notices":[],"_links":{"self":[{"href":"https:\/\/manosinkietas.com\/en\/wp-json\/wp\/v2\/product\/11487","targetHints":{"allow":["GET"]}}],"collection":[{"href":"https:\/\/manosinkietas.com\/en\/wp-json\/wp\/v2\/product"}],"about":[{"href":"https:\/\/manosinkietas.com\/en\/wp-json\/wp\/v2\/types\/product"}],"replies":[{"embeddable":true,"href":"https:\/\/manosinkietas.com\/en\/wp-json\/wp\/v2\/comments?post=11487"}],"version-history":[{"count":1,"href":"https:\/\/manosinkietas.com\/en\/wp-json\/wp\/v2\/product\/11487\/revisions"}],"predecessor-version":[{"id":11492,"href":"https:\/\/manosinkietas.com\/en\/wp-json\/wp\/v2\/product\/11487\/revisions\/11492"}],"wp:featuredmedia":[{"embeddable":true,"href":"https:\/\/manosinkietas.com\/en\/wp-json\/wp\/v2\/media\/11488"}],"wp:attachment":[{"href":"https:\/\/manosinkietas.com\/en\/wp-json\/wp\/v2\/media?parent=11487"}],"wp:term":[{"taxonomy":"product_brand","embeddable":true,"href":"https:\/\/manosinkietas.com\/en\/wp-json\/wp\/v2\/product_brand?post=11487"},{"taxonomy":"product_cat","embeddable":true,"href":"https:\/\/manosinkietas.com\/en\/wp-json\/wp\/v2\/product_cat?post=11487"},{"taxonomy":"product_tag","embeddable":true,"href":"https:\/\/manosinkietas.com\/en\/wp-json\/wp\/v2\/product_tag?post=11487"},{"taxonomy":"filtro_producto","embeddable":true,"href":"https:\/\/manosinkietas.com\/en\/wp-json\/wp\/v2\/filtro_producto?post=11487"}],"curies":[{"name":"wp","href":"https:\/\/api.w.org\/{rel}","templated":true}]}}

<p>Hermoso marco de fotos para exhibir tus imágenes favoritas y regalar a tu pareja en San Valentín.</p>
<p>Puedes modificar el texto y personalizar el marco a tu gusto.</p>
<p>Ideal para regalar en San Valentín o para celebrar aniversario de novios, bodas, etc. junto a tu pareja.</p>
<p>Medidas:</p>
<p>20cm x 15cm</p>
<p>Medidas de la foto:</p>
<p>18cm x 13cm</p>
<p>*****************************************</p>
<p>Por favor, pregúntanos si tienes alguna duda acerca de nuestros productos. Estamos felices de atenderte.</p>
<p>Recordatorio: esta es una pequeña tienda de emprendedores y el tiempo invertido en crear nuestras piezas únicas también tiene valor.</p>
<p>¿Te gustan nuestros productos? Echa un vistazo a la tienda:</p>

<p>Hermoso marco de fotos para exhibir tus imágenes favoritas y regalar a tu pareja en San Valentín.</p>
