{"id":10670,"date":"2024-03-05T08:29:05","date_gmt":"2024-03-05T07:29:05","guid":{"rendered":"https:\/\/manosinkietas.com\/?post_type=product&#038;p=10670"},"modified":"2026-03-06T18:32:26","modified_gmt":"2026-03-06T17:32:26","slug":"marco-de-fotos-con-iman-dia-del-padre","status":"publish","type":"product","link":"https:\/\/manosinkietas.com\/en\/product\/marco-de-fotos-con-iman-dia-del-padre\/","title":{"rendered":"Marco de Fotos con Im\u00e1n D\u00eda del Padre"},"content":{"rendered":"<p>Hermosos y originales marcos de fotos con im\u00e1n D\u00eda del Padre. Cada marco contiene un espacio para que coloques una foto y adem\u00e1s, se puede personalizar con el nombre de tus peques.<\/p>\n<p>Cada marco es de madera contrachapado 3mm y viene decorado con detalles del d\u00eda del Padre hechos en metacrilato de varios colores.<\/p>\n<p>Tambi\u00e9n podemos incluir el nombre de pap\u00e1 en el dise\u00f1o.<\/p>\n<p>Estos marcos de fotos con im\u00e1n los tienes en 4 modelos:<\/p>\n<p>Pap\u00e1, feliz d\u00eda<\/p>\n<p>Pap\u00e1, eres mi h\u00e9roe<\/p>\n<p>Pap\u00e1, te quiero mucho<\/p>\n<p>Pap\u00e1, eres el mejor<\/p>\n<p>MEDIDAS DEL MARCO (ESPACIO PARA FOTO): 6&#215;9 cm<\/p>\n<p>*****************************************<\/p>\n<p>Por favor, preg\u00fantanos si tienes alguna duda acerca de nuestros productos. Estamos felices de atenderte.<\/p>\n<p>Recordatorio: esta es una peque\u00f1a tienda de emprendedores y el tiempo invertido en crear nuestras piezas \u00fanicas tambi\u00e9n tiene valor.<\/p>\n<p>\u00bfTe gustan nuestros productos? Echa un vistazo a la tienda:<\/p>","protected":false},"excerpt":{"rendered":"<p>Hermosos y originales marcos de fotos con im\u00e1n D\u00eda del Padre. Cada marco contiene un espacio para que coloques una foto y adem\u00e1s, se puede personalizar con el nombre de tus peques.<\/p>","protected":false},"featured_media":12595,"comment_status":"open","ping_status":"closed","template":"","meta":{"_acf_changed":false},"product_brand":[],"product_cat":[36,702],"product_tag":[906,49,1040,1628,86,1631,1026,1629,1033,69,1043,196,1042,1039,494,852,851,1624,1626,1627,1625,72,1041,1038,1630],"filtro_producto":[],"class_list":{"0":"post-10670","1":"product","2":"type-product","3":"status-publish","4":"has-post-thumbnail","6":"product_cat-celebracion","7":"product_cat-tematico","8":"product_tag-abuelo","9":"product_tag-corte-laser","10":"product_tag-detalles-para-papa","11":"product_tag-detalles-personalizados-para-papa","12":"product_tag-dia-del-padre","13":"product_tag-eres-el-mejor","14":"product_tag-eres-mi-heroe","15":"product_tag-feliz-dia","16":"product_tag-feliz-dia-del-padre","17":"product_tag-grabado-laser","18":"product_tag-iman","19":"product_tag-madera","20":"product_tag-marco","21":"product_tag-marco-con-iman","22":"product_tag-marco-de-fotos","23":"product_tag-padre","24":"product_tag-papa","25":"product_tag-papa-eres-el-mejor","26":"product_tag-papa-eres-mi-heroe","27":"product_tag-papa-feliz-dia","28":"product_tag-papa-te-quiero-mucho","29":"product_tag-regalo-personalizado","30":"product_tag-regalo-personalizado-para-papa","31":"product_tag-regalos-papa-papa","32":"product_tag-te-quiero-mucho","33":"product_shipping_class-cc","35":"first","36":"instock","37":"taxable","38":"shipping-taxable","39":"purchasable","40":"product-type-variable"},"acf":[],"aioseo_notices":[],"_links":{"self":[{"href":"https:\/\/manosinkietas.com\/en\/wp-json\/wp\/v2\/product\/10670","targetHints":{"allow":["GET"]}}],"collection":[{"href":"https:\/\/manosinkietas.com\/en\/wp-json\/wp\/v2\/product"}],"about":[{"href":"https:\/\/manosinkietas.com\/en\/wp-json\/wp\/v2\/types\/product"}],"replies":[{"embeddable":true,"href":"https:\/\/manosinkietas.com\/en\/wp-json\/wp\/v2\/comments?post=10670"}],"version-history":[{"count":3,"href":"https:\/\/manosinkietas.com\/en\/wp-json\/wp\/v2\/product\/10670\/revisions"}],"predecessor-version":[{"id":12598,"href":"https:\/\/manosinkietas.com\/en\/wp-json\/wp\/v2\/product\/10670\/revisions\/12598"}],"wp:featuredmedia":[{"embeddable":true,"href":"https:\/\/manosinkietas.com\/en\/wp-json\/wp\/v2\/media\/12595"}],"wp:attachment":[{"href":"https:\/\/manosinkietas.com\/en\/wp-json\/wp\/v2\/media?parent=10670"}],"wp:term":[{"taxonomy":"product_brand","embeddable":true,"href":"https:\/\/manosinkietas.com\/en\/wp-json\/wp\/v2\/product_brand?post=10670"},{"taxonomy":"product_cat","embeddable":true,"href":"https:\/\/manosinkietas.com\/en\/wp-json\/wp\/v2\/product_cat?post=10670"},{"taxonomy":"product_tag","embeddable":true,"href":"https:\/\/manosinkietas.com\/en\/wp-json\/wp\/v2\/product_tag?post=10670"},{"taxonomy":"filtro_producto","embeddable":true,"href":"https:\/\/manosinkietas.com\/en\/wp-json\/wp\/v2\/filtro_producto?post=10670"}],"curies":[{"name":"wp","href":"https:\/\/api.w.org\/{rel}","templated":true}]}}

Marco de Fotos con Imán Día del Padre

<p>Hermosos y originales marcos de fotos con imán Día del Padre. Cada marco contiene un espacio para que coloques una foto y además, se puede personalizar con el nombre de tus peques.</p>
<p>Cada marco es de madera contrachapado 3mm y viene decorado con detalles del día del Padre hechos en metacrilato de varios colores.</p>
<p>También podemos incluir el nombre de papá en el diseño.</p>
<p>Estos marcos de fotos con imán los tienes en 4 modelos:</p>
<p>Papá, feliz día</p>
<p>Papá, eres mi héroe</p>
<p>Papá, te quiero mucho</p>
<p>Papá, eres el mejor</p>
<p>MEDIDAS DEL MARCO (ESPACIO PARA FOTO): 6&#215;9 cm</p>
<p>*****************************************</p>
<p>Por favor, pregúntanos si tienes alguna duda acerca de nuestros productos. Estamos felices de atenderte.</p>
<p>Recordatorio: esta es una pequeña tienda de emprendedores y el tiempo invertido en crear nuestras piezas únicas también tiene valor.</p>
<p>¿Te gustan nuestros productos? Echa un vistazo a la tienda:</p>

<p>Hermosos y originales marcos de fotos con imán Día del Padre. Cada marco contiene un espacio para que coloques una foto y además, se puede personalizar con el nombre de tus peques.</p>
